-1. Calculate the highest common divisor of s and 21.
21
Suppose -2*n = -1 - 5. Suppose -3*f = -0*f, n*f + 30 = -5*k. Let m be 2/6 - 358/k. Calculate the greatest common factor of 6 and m.
6
Let x be 34/2 - (-2)/2. What is the highest common divisor of x and 12?
6
Let f be (5 + -1 + 0)/(1/2). Calculate the highest common divisor of f and 4.
4
Let u = 90 - 18. Suppose -2*b = b - u. Calculate the highest common divisor of b and 60.
12
Let o = -190 - -274. What is the highest common divisor of 105 and o?
21
Suppose -4*v = -7*v + 69. Suppose 0 = 2*c - 5 - v. What is the highest common divisor of 14 and c?
14
Suppose -1 = u - 8. What is the highest common divisor of u and 14?
7
Let l(v) = -v**3 - 2*v + 80. Let h be l(0). What is the highest common divisor of 16 and h?
16
Suppose 0 = -4*a - b - 401, 0 = -5*a - b - 3*b - 504. Let o = -58 - a. Calculate the highest common divisor of o and 6.
6
Let f = 2 + 2. Suppose 3*h = k - 3 - 5, 4*h = f*k - 16. Let j be 2/(k/27*1). What is the greatest common factor of 18 and j?
9
Let q be -1 - (0 + 0/2). Let w(o) = -12*o**3 + o. Let v be w(q). What is the greatest common divisor of 11 and v?
11
Suppose 3*k + 24 = 216. Suppose -3*h + k = -86. What is the highest common factor of 25 and h?
25
Let r = -19 + 32. What is the highest common factor of r and 117?
13
Let n(q) = -q**3 + 6*q**2 + 6*q + 10. Let v be n(7). Suppose 2 = -2*j + v*j. Calculate the greatest common divisor of j and 16.
2
Suppose -y - 1 - 4 = 0. Let t(q) = 2*q**2 + 8*q + 5. Let u be t(y). Let z be 3*2*20/1. Calculate the greatest common factor of u and z.
15
Let q be 3 - 82/2*-1. Let c(s) = -2*s**3 - 3*s - 2. Let r be c(-2). Suppose 4*j - r = -j. What is the greatest common factor of q and j?
4
Let a(v) be the first derivative of 35*v**4/2 - v**3/3 + v**2 - v - 1. Let y be a(1). What is the highest common divisor of 28 and y?
14
Suppose -4*w + 40 = -0*w. What is the greatest common factor of 10 and w?
10
Let b(r) = r. Let l be b(4). Let o be 189/35 + l/(-10). Let g = 15 - -25. What is the highest common factor of o and g?
5
Let m(x) = -3*x + 8. Let a be m(-6). Calculate the greatest common divisor of a and 13.
13
Suppose -3*b + 11 = -43. What is the greatest common factor of 12 and b?
6
Let i(b) = 44*b - 1. Let t be i(-1). Let z be ((-18)/t)/((-1)/(-25)). Calculate the highest common factor of 40 and z.
10
Let k = 277 - 157. Let d be 2/(-9) - 274/(-18). What is the greatest common divisor of d and k?
15
Let y(u) = 21*u - 4. Let p be y(2). Let q = p - 24. Let g be ((-28)/(-10))/((-3)/(-15)). Calculate the highest common divisor of q and g.
14
Let q be 16/20*(-25)/(-2). Let u(a) = 2*a**2 + a - 2. Let p be u(-2). What is the highest common divisor of q and p?
2
Let i(g) = 12*g**2 + 13*g - 2. Let v be i(2). Suppose 5*q = 4*q + 8. Calculate the greatest common divisor of q and v.
8
Suppose f = 2*t + 30, -2*f - t + 117 = 3*f. Calculate the greatest common divisor of f and 18.
6
Suppose 4*m - 3*i - 122 = -2*i, -m - 5*i = -41. Calculate the greatest common divisor of 93 and m.
31
Suppose 4*a - 2*j + 6*j = -16, -4*a + 2*j - 16 = 0. Let g = -4 - a. Suppose g = 2*l - l - 24. Calculate the greatest common factor of l and 16.
8
Let j be (-3 + 75/20)*48. Calculate the highest common factor of j and 288.
36
Let k(r) = r**3 + 6*r**2 - 4*r + 6. Let c be k(-6). Calculate the highest common factor of c and 75.
15
Let a = -82 - -124. Suppose 11*k - 15*k = -420. What is the highest common divisor of a and k?
21
Suppose 4*q = -4*x + 20, 4*q - 30 = x - 0*x. Calculate the greatest common divisor of 56 and q.
7
Let k = 81 - -90. Calculate the highest common divisor of 19 and k.
19
Let q = -35 + 89. What is the greatest common factor of 6 and q?
6
Suppose 3 = i, -4*f + 5*i - 4 - 3 = 0. Suppose -3*y - 3*d + 12 = 0, 0*d - 5 = -f*y + d. Let a = -2 + y. Calculate the greatest common divisor of 8 and a.
1
Suppose 5*d = 3*t + 26, 0 = -2*d - 2*t - 1 + 5. Let f(b) = b**3 - 3*b**2 - 8. Let l be f(d). What is the greatest common divisor of 24 and l?
8
Let v be (51/2*(-4)/3)/(-2). Let j = -295 - -482. What is the highest common factor of j and v?
17
Let t(n) = 2*n - 6. Let d be t(-8). Let c = d - -9. Let a = c + 20. What is the highest common factor of a and 7?
7
Let f(c) = 5*c - 2. Let l be f(-2). Let q = 105 - l. Let h = 315 - q. What is the greatest common divisor of 18 and h?
18
Let z(c) = -c**3 - 7*c**2 + 6*c + 4. Let v be z(-8). What is the highest common factor of 40 and v?
20
Let z(j) = j**2 - 6*j - 5. Let c be z(8). Let y = 1 + -2. Let g = 43 - y. Calculate the highest common divisor of c and g.
11
Let i(p) = 2*p - 1. Let z be i(4). Let f = -7 + z. Suppose 5*h + 13 = l - 7, f = 3*h - 6. What is the greatest common factor of l and 6?
6
Let r = 35 + -55. Let u be (3/6)/((-5)/r). Suppose u*q + 0*w - 53 = -w, 4*q - 121 = -5*w. Calculate the greatest common divisor of 216 and q.
24
Let b be 1 + 8/(-2)*268/(-16). What is the highest common divisor of b and 17?
17
Let j = 4 - -20. What is the greatest common factor of j and 24?
24
Let r = -50 - -74. Calculate the highest common factor of 12 and r.
12
Let k be -21 + 2*1/(-2). Let f = -10 - k. Let c be 358/6 - (-2)/6. What is the highest common divisor of f and c?
12
Let t(k) = 258*k**2 - 2*k - 2. Let a be t(-3). Suppose 0 = -5*l - a + 906. Let h be 1/(3 - l/(-95)). Calculate the greatest common factor of 38 and h.
19
Suppose 4*k + 0*p - 49 = 3*p, 3*k - p = 43. Suppose 0 = 12*i - 7*i - 320. Calculate the greatest common factor of i and k.
16
Suppose 0*d + 4*d + 60 = 0. Let c be (36/15)/(-2)*d. Calculate the greatest common divisor of c and 2.
2
Let y(a) = a**2. Let p be y(-10). What is the greatest common factor of 10 and p?
10
Suppose 5*g - 15 = 5*v, -3*g + 8*g + 3 = 2*v. Suppose 2*k - 5*a = 5*k - 12, k = -3*a. Let x = v + k. Calculate the greatest common factor of x and 9.
3
Let j be 8/16*18/1. Calculate the greatest common divisor of 81 and j.
9
Let r = -162 - -227. Suppose 3*o - 78 = -y, 4*y - y + 52 = 2*o. What is the greatest common factor of r and o?
13
Let y(f) = -2*f**3 + 2*f**2 + 2*f + 1. Let g be y(-1). Let o be (46/(-14) + 5)*28/6. Let x = o - g. Calculate the greatest common factor of x and 35.
5
Let s(v) be the second derivative of -v**3/2 - 2*v. Let x be s(-6). Calculate the greatest common divisor of x and 162.
18
Let z be (-7)/7 - 61/(-1). Let x(c) = c**2 - c - 6. Let o = 6 + -11. Let g be x(o). What is the greatest common factor of z and g?
12
Suppose -4*h + 7*s - 36 = 3*s, h = 3*s - 17. Let y = 0 - h. Suppose -2*i + 3*j - 10 + 5 = 0, 4*j = -3*i + 35. What is the highest common divisor of i and y?
5
Suppose -4*o = -15 - 1. Calculate the highest common divisor of 4 and o.
4
Let t(d) = 2*d - 2. Let o be t(3). Let m be 34/o + 1/2. Suppose -7*n + 72 = -3*n. What is the greatest common divisor of m and n?
9
Let c be 3/(-9) + 288/54. Let l be (1 + -2 - 0)*-2. Suppose -3*w - 65 = -2*p - 6, -p - l*w + 19 = 0. What is the greatest common divisor of p and c?
5
Suppose -p + 0*p + 29 = -3*j, -4*j = 5*p - 145. Suppose 5*x - 35 = -3*v, 4*v - 4*x + p = 97. What is the highest common divisor of 6 and v?
3
Suppose -4*n + 9*n = 295. Let m = 91 - n. Calculate the highest common factor of m and 8.
8
Suppose 2*j - 5*j + 84 = 0. What is the greatest common factor of j and 56?
28
Suppose -4*v = -3*v - 14. Let i be 469/v + (-1)/2. Calculate the greatest common divisor of i and 11.
11
Let b = -15 + 26. Suppose b = -h - i, -3*i + 0*i = -h + 1. Let v(m) = -m + 3. Let o be v(h). What is the highest common divisor of 77 and o?
11
Let l be (-3 - -1)*(-4 - -2)*18. What is the highest common factor of l and 9?
9
Let w(d) = 5*d - 8. Let a be (-4)/((-2 + 4)/(-2)). Let q be w(a). What is the greatest common divisor of 8 and q?
4
Suppose -x + 19 = -5*o, 3*o + 117 = 5*x - 0*o. What is the highest common divisor of x and 30?
6
Suppose 0*m + 4*m - 20 = 0. Suppose m*r - 24 = 86. Let d be (0 + 11)/(3/9). Calculate the greatest common factor of r and d.
11
Suppose -t + 28 + 27 = 0. What is the highest common divisor of 22 and t?
11
Suppose 8*v - 160 = 4*v. What is the greatest common divisor of v and 10?
10
Suppose 2*u + 4*s - 8 = 0, -7 = -3*u + s - 2*s. Let o = 50 + -34. What is the highest common factor of u and o?
2
Let x(g) = g + 5. Let m be x(-10). 